{"id":55,"date":"2022-07-09T08:11:10","date_gmt":"2022-07-09T08:11:10","guid":{"rendered":"https:\/\/mvmmgep.hu\/?page_id=55"},"modified":"2022-07-09T08:11:10","modified_gmt":"2022-07-09T08:11:10","slug":"cegtortenet","status":"publish","type":"page","link":"https:\/\/mvmmgep.hu\/?page_id=55","title":{"rendered":"C\u00e9gt\u00f6rt\u00e9net"},"content":{"rendered":"\n<figure class=\"wp-block-image size-large is-resized\"><img loading=\"lazy\" decoding=\"async\" src=\"https:\/\/mvmmgep.hu\/wp-content\/uploads\/2022\/07\/kep-1024x543.png\" alt=\"\" class=\"wp-image-56\" width=\"840\" height=\"445\" srcset=\"https:\/\/mvmmgep.hu\/wp-content\/uploads\/2022\/07\/kep-1024x543.png 1024w, https:\/\/mvmmgep.hu\/wp-content\/uploads\/2022\/07\/kep-300x159.png 300w, https:\/\/mvmmgep.hu\/wp-content\/uploads\/2022\/07\/kep-768x407.png 768w, https:\/\/mvmmgep.hu\/wp-content\/uploads\/2022\/07\/kep.png 1240w\" sizes=\"auto, (max-width: 840px) 100vw, 840px\" \/><\/figure>\n","protected":false},"excerpt":{"rendered":"","protected":false},"author":1,"featured_media":0,"parent":0,"menu_order":0,"comment_status":"closed","ping_status":"closed","template":"","meta":{"footnotes":""},"class_list":["post-55","page","type-page","status-publish","hentry"],"_links":{"self":[{"href":"https:\/\/mvmmgep.hu\/index.php?rest_route=\/wp\/v2\/pages\/55","targetHints":{"allow":["GET"]}}],"collection":[{"href":"https:\/\/mvmmgep.hu\/index.php?rest_route=\/wp\/v2\/pages"}],"about":[{"href":"https:\/\/mvmmgep.hu\/index.php?rest_route=\/wp\/v2\/types\/page"}],"author":[{"embeddable":true,"href":"https:\/\/mvmmgep.hu\/index.php?rest_route=\/wp\/v2\/users\/1"}],"replies":[{"embeddable":true,"href":"https:\/\/mvmmgep.hu\/index.php?rest_route=%2Fwp%2Fv2%2Fcomments&post=55"}],"version-history":[{"count":1,"href":"https:\/\/mvmmgep.hu\/index.php?rest_route=\/wp\/v2\/pages\/55\/revisions"}],"predecessor-version":[{"id":57,"href":"https:\/\/mvmmgep.hu\/index.php?rest_route=\/wp\/v2\/pages\/55\/revisions\/57"}],"wp:attachment":[{"href":"https:\/\/mvmmgep.hu\/index.php?rest_route=%2Fwp%2Fv2%2Fmedia&parent=55"}],"curies":[{"name":"wp","href":"https:\/\/api.w.org\/{rel}","templated":true}]}}