{"id":257,"date":"2022-07-12T12:09:03","date_gmt":"2022-07-12T12:09:03","guid":{"rendered":"https:\/\/mvmmgep.hu\/?page_id=257"},"modified":"2022-08-09T07:56:50","modified_gmt":"2022-08-09T07:56:50","slug":"referenciak-villamos-javito-uzletag","status":"publish","type":"page","link":"https:\/\/mvmmgep.hu\/?page_id=257","title":{"rendered":"Referenci\u00e1k &#8211; Villamos jav\u00edt\u00f3 \u00fczlet\u00e1g"},"content":{"rendered":"\n<h3 class=\"wp-block-heading\">Nagyfesz\u00fclts\u00e9g\u0171 motorok tekercsel\u00e9se<\/h3>\n\n\n\n<figure class=\"wp-block-gallery has-nested-images columns-default is-cropped wp-block-gallery-1 is-layout-flex wp-block-gallery-is-layout-flex\">\n<figure class=\"wp-block-image size-large\"><img loading=\"lazy\" decoding=\"async\" width=\"612\" height=\"481\" data-id=\"150\" src=\"https:\/\/mvmmgep.hu\/wp-content\/uploads\/2022\/07\/Kep1_3-1.jpg\" alt=\"\" class=\"wp-image-150\" srcset=\"https:\/\/mvmmgep.hu\/wp-content\/uploads\/2022\/07\/Kep1_3-1.jpg 612w, https:\/\/mvmmgep.hu\/wp-content\/uploads\/2022\/07\/Kep1_3-1-300x236.jpg 300w\" sizes=\"auto, (max-width: 612px) 100vw, 612px\" \/><\/figure>\n\n\n\n<figure class=\"wp-block-image size-large\"><img loading=\"lazy\" decoding=\"async\" width=\"641\" height=\"481\" data-id=\"151\" src=\"https:\/\/mvmmgep.hu\/wp-content\/uploads\/2022\/07\/Kep1_4-1.jpg\" alt=\"\" class=\"wp-image-151\" srcset=\"https:\/\/mvmmgep.hu\/wp-content\/uploads\/2022\/07\/Kep1_4-1.jpg 641w, https:\/\/mvmmgep.hu\/wp-content\/uploads\/2022\/07\/Kep1_4-1-300x225.jpg 300w\" sizes=\"auto, (max-width: 641px) 100vw, 641px\" \/><\/figure>\n\n\n\n<figure class=\"wp-block-image size-large\"><img loading=\"lazy\" decoding=\"async\" width=\"588\" height=\"453\" data-id=\"149\" src=\"https:\/\/mvmmgep.hu\/wp-content\/uploads\/2022\/07\/Kep1_5-1.jpg\" alt=\"\" class=\"wp-image-149\" srcset=\"https:\/\/mvmmgep.hu\/wp-content\/uploads\/2022\/07\/Kep1_5-1.jpg 588w, https:\/\/mvmmgep.hu\/wp-content\/uploads\/2022\/07\/Kep1_5-1-300x231.jpg 300w\" sizes=\"auto, (max-width: 588px) 100vw, 588px\" \/><\/figure>\n<\/figure>\n\n\n\n<h3 class=\"wp-block-heading\">Villamos motorok impregn\u00e1l\u00e1sa, szigetel\u00e9s fel\u00faj\u00edt\u00e1s<\/h3>\n\n\n\n<figure class=\"wp-block-gallery has-nested-images columns-default is-cropped wp-block-gallery-2 is-layout-flex wp-block-gallery-is-layout-flex\">\n<figure class=\"wp-block-image size-large\"><img loading=\"lazy\" decoding=\"async\" width=\"874\" height=\"685\" data-id=\"152\" src=\"https:\/\/mvmmgep.hu\/wp-content\/uploads\/2022\/07\/Kep1_6.jpg\" alt=\"\" class=\"wp-image-152\" srcset=\"https:\/\/mvmmgep.hu\/wp-content\/uploads\/2022\/07\/Kep1_6.jpg 874w, https:\/\/mvmmgep.hu\/wp-content\/uploads\/2022\/07\/Kep1_6-300x235.jpg 300w, https:\/\/mvmmgep.hu\/wp-content\/uploads\/2022\/07\/Kep1_6-768x602.jpg 768w\" sizes=\"auto, (max-width: 874px) 100vw, 874px\" \/><\/figure>\n\n\n\n<figure class=\"wp-block-image size-large\"><img loading=\"lazy\" decoding=\"async\" width=\"874\" height=\"686\" data-id=\"153\" src=\"https:\/\/mvmmgep.hu\/wp-content\/uploads\/2022\/07\/Kep1_7.jpg\" alt=\"\" class=\"wp-image-153\" srcset=\"https:\/\/mvmmgep.hu\/wp-content\/uploads\/2022\/07\/Kep1_7.jpg 874w, https:\/\/mvmmgep.hu\/wp-content\/uploads\/2022\/07\/Kep1_7-300x235.jpg 300w, https:\/\/mvmmgep.hu\/wp-content\/uploads\/2022\/07\/Kep1_7-768x603.jpg 768w\" sizes=\"auto, (max-width: 874px) 100vw, 874px\" \/><\/figure>\n<\/figure>\n\n\n\n<h3 class=\"wp-block-heading\">Szivatty\u00fak tekercsel\u00e9se, hidraulikus egys\u00e9g jav\u00edt\u00e1sa, fel\u00faj\u00edt\u00e1sa<\/h3>\n\n\n\n<figure class=\"wp-block-gallery has-nested-images columns-default is-cropped wp-block-gallery-3 is-layout-flex wp-block-gallery-is-layout-flex\">\n<figure class=\"wp-block-image size-large\"><img loading=\"lazy\" decoding=\"async\" width=\"765\" height=\"644\" data-id=\"156\" src=\"https:\/\/mvmmgep.hu\/wp-content\/uploads\/2022\/07\/Kep1_8.jpg\" alt=\"\" class=\"wp-image-156\" srcset=\"https:\/\/mvmmgep.hu\/wp-content\/uploads\/2022\/07\/Kep1_8.jpg 765w, https:\/\/mvmmgep.hu\/wp-content\/uploads\/2022\/07\/Kep1_8-300x253.jpg 300w\" sizes=\"auto, (max-width: 765px) 100vw, 765px\" \/><\/figure>\n\n\n\n<figure class=\"wp-block-image size-large\"><img loading=\"lazy\" decoding=\"async\" width=\"751\" height=\"644\" data-id=\"154\" src=\"https:\/\/mvmmgep.hu\/wp-content\/uploads\/2022\/07\/Kep1_9.jpg\" alt=\"\" class=\"wp-image-154\" srcset=\"https:\/\/mvmmgep.hu\/wp-content\/uploads\/2022\/07\/Kep1_9.jpg 751w, https:\/\/mvmmgep.hu\/wp-content\/uploads\/2022\/07\/Kep1_9-300x257.jpg 300w\" sizes=\"auto, (max-width: 751px) 100vw, 751px\" \/><\/figure>\n\n\n\n<figure class=\"wp-block-image size-large\"><img loading=\"lazy\" decoding=\"async\" width=\"644\" height=\"645\" data-id=\"155\" src=\"https:\/\/mvmmgep.hu\/wp-content\/uploads\/2022\/07\/Kep1_10.jpg\" alt=\"\" class=\"wp-image-155\" srcset=\"https:\/\/mvmmgep.hu\/wp-content\/uploads\/2022\/07\/Kep1_10.jpg 644w, https:\/\/mvmmgep.hu\/wp-content\/uploads\/2022\/07\/Kep1_10-300x300.jpg 300w, https:\/\/mvmmgep.hu\/wp-content\/uploads\/2022\/07\/Kep1_10-150x150.jpg 150w\" sizes=\"auto, (max-width: 644px) 100vw, 644px\" \/><\/figure>\n<\/figure>\n\n\n\n<h3 class=\"wp-block-heading\">Forg\u00e1stestek dinamikus&nbsp; kiegyens\u00falyoz\u00e1sa<\/h3>\n\n\n\n<p>Max. 1,5 to-ig, \u00d82000 mm-ig. L=2250mm<\/p>\n\n\n\n<figure class=\"wp-block-gallery has-nested-images columns-default is-cropped wp-block-gallery-4 is-layout-flex wp-block-gallery-is-layout-flex\">\n<figure class=\"wp-block-image size-large\"><img loading=\"lazy\" decoding=\"async\" width=\"614\" height=\"460\" data-id=\"93\" src=\"https:\/\/mvmmgep.hu\/wp-content\/uploads\/2022\/07\/image-030.jpg\" alt=\"\" class=\"wp-image-93\" srcset=\"https:\/\/mvmmgep.hu\/wp-content\/uploads\/2022\/07\/image-030.jpg 614w, https:\/\/mvmmgep.hu\/wp-content\/uploads\/2022\/07\/image-030-300x225.jpg 300w\" sizes=\"auto, (max-width: 614px) 100vw, 614px\" \/><\/figure>\n\n\n\n<figure class=\"wp-block-image size-large\"><img loading=\"lazy\" decoding=\"async\" width=\"853\" height=\"669\" data-id=\"157\" src=\"https:\/\/mvmmgep.hu\/wp-content\/uploads\/2022\/07\/Kep1_11.jpg\" alt=\"\" class=\"wp-image-157\" srcset=\"https:\/\/mvmmgep.hu\/wp-content\/uploads\/2022\/07\/Kep1_11.jpg 853w, https:\/\/mvmmgep.hu\/wp-content\/uploads\/2022\/07\/Kep1_11-300x235.jpg 300w, https:\/\/mvmmgep.hu\/wp-content\/uploads\/2022\/07\/Kep1_11-768x602.jpg 768w\" sizes=\"auto, (max-width: 853px) 100vw, 853px\" \/><\/figure>\n<\/figure>\n\n\n\n<h3 class=\"wp-block-heading\">G\u00e1zmotoros gener\u00e1torok&nbsp; tekercsel\u00e9se, jav\u00edt\u00e1sa, pr\u00f3batermi m\u00e9r\u00e9se<\/h3>\n\n\n\n<figure class=\"wp-block-gallery has-nested-images columns-default is-cropped wp-block-gallery-5 is-layout-flex wp-block-gallery-is-layout-flex\">\n<figure class=\"wp-block-image size-full\"><img loading=\"lazy\" decoding=\"async\" width=\"566\" height=\"481\" data-id=\"161\" src=\"https:\/\/mvmmgep.hu\/wp-content\/uploads\/2022\/07\/Kep1_14.jpg\" alt=\"\" class=\"wp-image-161\" srcset=\"https:\/\/mvmmgep.hu\/wp-content\/uploads\/2022\/07\/Kep1_14.jpg 566w, https:\/\/mvmmgep.hu\/wp-content\/uploads\/2022\/07\/Kep1_14-300x255.jpg 300w\" sizes=\"auto, (max-width: 566px) 100vw, 566px\" \/><\/figure>\n\n\n\n<figure class=\"wp-block-image size-large\"><img loading=\"lazy\" decoding=\"async\" width=\"566\" height=\"481\" data-id=\"159\" src=\"https:\/\/mvmmgep.hu\/wp-content\/uploads\/2022\/07\/Kep1_13.jpg\" alt=\"\" class=\"wp-image-159\" srcset=\"https:\/\/mvmmgep.hu\/wp-content\/uploads\/2022\/07\/Kep1_13.jpg 566w, https:\/\/mvmmgep.hu\/wp-content\/uploads\/2022\/07\/Kep1_13-300x255.jpg 300w\" sizes=\"auto, (max-width: 566px) 100vw, 566px\" \/><\/figure>\n\n\n\n<figure class=\"wp-block-image size-large\"><img loading=\"lazy\" decoding=\"async\" width=\"585\" height=\"440\" data-id=\"160\" src=\"https:\/\/mvmmgep.hu\/wp-content\/uploads\/2022\/07\/Kep1_15.jpg\" alt=\"\" class=\"wp-image-160\" srcset=\"https:\/\/mvmmgep.hu\/wp-content\/uploads\/2022\/07\/Kep1_15.jpg 585w, https:\/\/mvmmgep.hu\/wp-content\/uploads\/2022\/07\/Kep1_15-300x226.jpg 300w\" sizes=\"auto, (max-width: 585px) 100vw, 585px\" \/><\/figure>\n\n\n\n<figure class=\"wp-block-image size-full\"><img loading=\"lazy\" decoding=\"async\" width=\"585\" height=\"440\" data-id=\"158\" src=\"https:\/\/mvmmgep.hu\/wp-content\/uploads\/2022\/07\/Kep1_12.jpg\" alt=\"\" class=\"wp-image-158\" srcset=\"https:\/\/mvmmgep.hu\/wp-content\/uploads\/2022\/07\/Kep1_12.jpg 585w, https:\/\/mvmmgep.hu\/wp-content\/uploads\/2022\/07\/Kep1_12-300x226.jpg 300w\" sizes=\"auto, (max-width: 585px) 100vw, 585px\" \/><\/figure>\n<\/figure>\n\n\n\n<hr class=\"wp-block-separator has-alpha-channel-opacity\"\/>\n\n\n\n<div class=\"wp-block-buttons is-layout-flex wp-block-buttons-is-layout-flex\">\n<div class=\"wp-block-button aligncenter\"><a class=\"wp-block-button__link has-background\" href=\"\/?page_id=255\" style=\"border-radius:30px;background-color:#ed8b00\">Strat\u00e9giai g\u00e9peink<\/a><\/div>\n\n\n\n<div class=\"wp-block-button aligncenter\"><a class=\"wp-block-button__link has-background\" href=\"\/?page_id=144\" style=\"border-radius:30px;background-color:#ed8b00\">Villamos jav\u00edt\u00f3 \u00fczlet\u00e1g<\/a><\/div>\n<\/div>\n","protected":false},"excerpt":{"rendered":"<p>Nagyfesz\u00fclts\u00e9g\u0171 motorok tekercsel\u00e9se Villamos motorok impregn\u00e1l\u00e1sa, szigetel\u00e9s fel\u00faj\u00edt\u00e1s Szivatty\u00fak tekercsel\u00e9se, hidraulikus egys\u00e9g jav\u00edt\u00e1sa, fel\u00faj\u00edt\u00e1sa Forg\u00e1stestek dinamikus&nbsp; kiegyens\u00falyoz\u00e1sa Max. 1,5 to-ig, \u00d82000 mm-ig. L=2250mm G\u00e1zmotoros gener\u00e1torok&nbsp; tekercsel\u00e9se, jav\u00edt\u00e1sa, pr\u00f3batermi m\u00e9r\u00e9se<\/p>\n","protected":false},"author":1,"featured_media":0,"parent":144,"menu_order":0,"comment_status":"closed","ping_status":"closed","template":"","meta":{"footnotes":""},"class_list":["post-257","page","type-page","status-publish","hentry"],"_links":{"self":[{"href":"https:\/\/mvmmgep.hu\/index.php?rest_route=\/wp\/v2\/pages\/257","targetHints":{"allow":["GET"]}}],"collection":[{"href":"https:\/\/mvmmgep.hu\/index.php?rest_route=\/wp\/v2\/pages"}],"about":[{"href":"https:\/\/mvmmgep.hu\/index.php?rest_route=\/wp\/v2\/types\/page"}],"author":[{"embeddable":true,"href":"https:\/\/mvmmgep.hu\/index.php?rest_route=\/wp\/v2\/users\/1"}],"replies":[{"embeddable":true,"href":"https:\/\/mvmmgep.hu\/index.php?rest_route=%2Fwp%2Fv2%2Fcomments&post=257"}],"version-history":[{"count":12,"href":"https:\/\/mvmmgep.hu\/index.php?rest_route=\/wp\/v2\/pages\/257\/revisions"}],"predecessor-version":[{"id":549,"href":"https:\/\/mvmmgep.hu\/index.php?rest_route=\/wp\/v2\/pages\/257\/revisions\/549"}],"up":[{"embeddable":true,"href":"https:\/\/mvmmgep.hu\/index.php?rest_route=\/wp\/v2\/pages\/144"}],"wp:attachment":[{"href":"https:\/\/mvmmgep.hu\/index.php?rest_route=%2Fwp%2Fv2%2Fmedia&parent=257"}],"curies":[{"name":"wp","href":"https:\/\/api.w.org\/{rel}","templated":true}]}}