{"id":19,"date":"2022-07-06T13:44:20","date_gmt":"2022-07-06T13:44:20","guid":{"rendered":"https:\/\/mvmmgep.hu\/?page_id=19"},"modified":"2026-01-09T09:54:37","modified_gmt":"2026-01-09T09:54:37","slug":"fooldal","status":"publish","type":"page","link":"https:\/\/mvmmgep.hu\/","title":{"rendered":"F\u0151oldal"},"content":{"rendered":"\n<div class=\"wp-block-cover aligncenter is-light has-custom-content-position is-position-top-center banner rounded\" style=\"min-height:750px;aspect-ratio:unset;\"><img loading=\"lazy\" decoding=\"async\" width=\"2560\" height=\"1912\" class=\"wp-block-cover__image-background wp-image-20\" alt=\"\" src=\"https:\/\/mvmmgep.hu\/wp-content\/uploads\/2022\/07\/epulet-scaled.jpg\" style=\"object-position:50% 50%\" data-object-fit=\"cover\" data-object-position=\"50% 50%\" srcset=\"https:\/\/mvmmgep.hu\/wp-content\/uploads\/2022\/07\/epulet-scaled.jpg 2560w, https:\/\/mvmmgep.hu\/wp-content\/uploads\/2022\/07\/epulet-300x224.jpg 300w, https:\/\/mvmmgep.hu\/wp-content\/uploads\/2022\/07\/epulet-1024x765.jpg 1024w, https:\/\/mvmmgep.hu\/wp-content\/uploads\/2022\/07\/epulet-768x574.jpg 768w, https:\/\/mvmmgep.hu\/wp-content\/uploads\/2022\/07\/epulet-1536x1147.jpg 1536w, https:\/\/mvmmgep.hu\/wp-content\/uploads\/2022\/07\/epulet-2048x1530.jpg 2048w\" sizes=\"auto, (max-width: 2560px) 100vw, 2560px\" \/><span aria-hidden=\"true\" class=\"wp-block-cover__background has-background-dim-0 has-background-dim\"><\/span><div class=\"wp-block-cover__inner-container is-layout-flow wp-block-cover-is-layout-flow\">\n<p class=\"has-text-align-center nunito has-text-color has-background has-x-large-font-size\" style=\"color:#ed8b00;background-color:#33383d7a\"><strong>MVM M\u00e1tra G\u00e9p Kft<\/strong>.<\/p>\n<\/div><\/div>\n\n\n\n<hr class=\"wp-block-separator has-alpha-channel-opacity\"\/>\n\n\n\n<div class=\"wp-block-group is-nowrap is-layout-flex wp-container-core-group-is-layout-ad2f72ca wp-block-group-is-layout-flex\">\n<div class=\"wp-block-cover rounded\" style=\"min-height:430px;aspect-ratio:unset;\"><img loading=\"lazy\" decoding=\"async\" width=\"768\" height=\"576\" class=\"wp-block-cover__image-background wp-image-88\" alt=\"\" src=\"https:\/\/mvmmgep.hu\/wp-content\/uploads\/2022\/07\/image-025.jpg\" style=\"object-position:48% 33%\" data-object-fit=\"cover\" data-object-position=\"48% 33%\" srcset=\"https:\/\/mvmmgep.hu\/wp-content\/uploads\/2022\/07\/image-025.jpg 768w, https:\/\/mvmmgep.hu\/wp-content\/uploads\/2022\/07\/image-025-300x225.jpg 300w\" sizes=\"auto, (max-width: 768px) 100vw, 768px\" \/><span aria-hidden=\"true\" class=\"wp-block-cover__background has-background-dim-0 has-background-dim\"><\/span><div class=\"wp-block-cover__inner-container is-layout-flow wp-block-cover-is-layout-flow\">\n<div class=\"wp-block-buttons is-horizontal is-content-justification-center is-layout-flex wp-container-core-buttons-is-layout-499968f5 wp-block-buttons-is-layout-flex\">\n<div class=\"wp-block-button\"><a class=\"wp-block-button__link has-background has-custom-font-size wp-element-button\" href=\"\/matragep\/?page_id=64\" style=\"background-color:#ed8b00;font-size:30px\">Gy\u00e1rt\u00f3 \u00e9s Fel\u00faj\u00edt\u00f3 \u00dczlet\u00e1g<\/a><\/div>\n<\/div>\n<\/div><\/div>\n\n\n\n<div class=\"wp-block-cover is-light rounded\"><img loading=\"lazy\" decoding=\"async\" width=\"641\" height=\"481\" class=\"wp-block-cover__image-background wp-image-151\" alt=\"\" src=\"https:\/\/mvmmgep.hu\/wp-content\/uploads\/2022\/07\/Kep1_4-1.jpg\" data-object-fit=\"cover\" srcset=\"https:\/\/mvmmgep.hu\/wp-content\/uploads\/2022\/07\/Kep1_4-1.jpg 641w, https:\/\/mvmmgep.hu\/wp-content\/uploads\/2022\/07\/Kep1_4-1-300x225.jpg 300w\" sizes=\"auto, (max-width: 641px) 100vw, 641px\" \/><span aria-hidden=\"true\" class=\"wp-block-cover__background has-background-dim-0 has-background-dim\"><\/span><div class=\"wp-block-cover__inner-container is-layout-flow wp-block-cover-is-layout-flow\">\n<div class=\"wp-block-buttons is-horizontal is-content-justification-center is-layout-flex wp-container-core-buttons-is-layout-499968f5 wp-block-buttons-is-layout-flex\">\n<div class=\"wp-block-button\"><a class=\"wp-block-button__link has-background has-custom-font-size wp-element-button\" href=\"\/matragep\/?page_id=144\" style=\"background-color:#ed8b00;font-size:30px\">Villamos Jav\u00edt\u00f3 \u00dczlet\u00e1g<\/a><\/div>\n<\/div>\n<\/div><\/div>\n<\/div>\n\n\n\n<div style=\"height:10px\" aria-hidden=\"true\" class=\"wp-block-spacer\"><\/div>\n\n\n\n<div class=\"wp-block-group is-nowrap is-layout-flex wp-container-core-group-is-layout-ad2f72ca wp-block-group-is-layout-flex\">\n<div class=\"wp-block-cover is-light rounded\" style=\"min-height:430px;aspect-ratio:unset;\"><img loading=\"lazy\" decoding=\"async\" width=\"729\" height=\"383\" class=\"wp-block-cover__image-background wp-image-177\" alt=\"\" src=\"https:\/\/mvmmgep.hu\/wp-content\/uploads\/2022\/07\/7.jpg\" data-object-fit=\"cover\" srcset=\"https:\/\/mvmmgep.hu\/wp-content\/uploads\/2022\/07\/7.jpg 729w, https:\/\/mvmmgep.hu\/wp-content\/uploads\/2022\/07\/7-300x158.jpg 300w\" sizes=\"auto, (max-width: 729px) 100vw, 729px\" \/><span aria-hidden=\"true\" class=\"wp-block-cover__background has-background-dim-0 has-background-dim\"><\/span><div class=\"wp-block-cover__inner-container is-layout-flow wp-block-cover-is-layout-flow\">\n<div class=\"wp-block-buttons is-horizontal is-content-justification-center is-layout-flex wp-container-core-buttons-is-layout-499968f5 wp-block-buttons-is-layout-flex\">\n<div class=\"wp-block-button\"><a class=\"wp-block-button__link has-background has-custom-font-size wp-element-button\" href=\"\/matragep\/?page_id=170\" style=\"background-color:#ed8b00;font-size:30px\">Karbantart\u00f3 \u00dczem<\/a><\/div>\n<\/div>\n<\/div><\/div>\n\n\n\n<div class=\"wp-block-cover rounded\" style=\"min-height:430px;aspect-ratio:unset;\"><img loading=\"lazy\" decoding=\"async\" width=\"1038\" height=\"727\" class=\"wp-block-cover__image-background wp-image-187\" alt=\"\" src=\"https:\/\/mvmmgep.hu\/wp-content\/uploads\/2022\/07\/Ultrahangos-repedes-vizsgalat.jpg\" style=\"object-position:52% 51%\" data-object-fit=\"cover\" data-object-position=\"52% 51%\" srcset=\"https:\/\/mvmmgep.hu\/wp-content\/uploads\/2022\/07\/Ultrahangos-repedes-vizsgalat.jpg 1038w, https:\/\/mvmmgep.hu\/wp-content\/uploads\/2022\/07\/Ultrahangos-repedes-vizsgalat-300x210.jpg 300w, https:\/\/mvmmgep.hu\/wp-content\/uploads\/2022\/07\/Ultrahangos-repedes-vizsgalat-1024x717.jpg 1024w, https:\/\/mvmmgep.hu\/wp-content\/uploads\/2022\/07\/Ultrahangos-repedes-vizsgalat-768x538.jpg 768w\" sizes=\"auto, (max-width: 1038px) 100vw, 1038px\" \/><span aria-hidden=\"true\" class=\"wp-block-cover__background has-background-dim-0 has-background-dim\"><\/span><div class=\"wp-block-cover__inner-container is-layout-flow wp-block-cover-is-layout-flow\">\n<div class=\"wp-block-buttons is-horizontal is-content-justification-center is-layout-flex wp-container-core-buttons-is-layout-499968f5 wp-block-buttons-is-layout-flex\">\n<div class=\"wp-block-button\"><a class=\"wp-block-button__link has-background has-custom-font-size wp-element-button\" href=\"\/matragep\/?page_id=182\" style=\"background-color:#ed8b00;font-size:30px\">Anyagvizsg\u00e1lat, Diagnosztika<\/a><\/div>\n<\/div>\n<\/div><\/div>\n<\/div>\n","protected":false},"excerpt":{"rendered":"","protected":false},"author":1,"featured_media":0,"parent":0,"menu_order":0,"comment_status":"closed","ping_status":"closed","template":"","meta":{"footnotes":""},"class_list":["post-19","page","type-page","status-publish","hentry"],"_links":{"self":[{"href":"https:\/\/mvmmgep.hu\/index.php?rest_route=\/wp\/v2\/pages\/19","targetHints":{"allow":["GET"]}}],"collection":[{"href":"https:\/\/mvmmgep.hu\/index.php?rest_route=\/wp\/v2\/pages"}],"about":[{"href":"https:\/\/mvmmgep.hu\/index.php?rest_route=\/wp\/v2\/types\/page"}],"author":[{"embeddable":true,"href":"https:\/\/mvmmgep.hu\/index.php?rest_route=\/wp\/v2\/users\/1"}],"replies":[{"embeddable":true,"href":"https:\/\/mvmmgep.hu\/index.php?rest_route=%2Fwp%2Fv2%2Fcomments&post=19"}],"version-history":[{"count":34,"href":"https:\/\/mvmmgep.hu\/index.php?rest_route=\/wp\/v2\/pages\/19\/revisions"}],"predecessor-version":[{"id":808,"href":"https:\/\/mvmmgep.hu\/index.php?rest_route=\/wp\/v2\/pages\/19\/revisions\/808"}],"wp:attachment":[{"href":"https:\/\/mvmmgep.hu\/index.php?rest_route=%2Fwp%2Fv2%2Fmedia&parent=19"}],"curies":[{"name":"wp","href":"https:\/\/api.w.org\/{rel}","templated":true}]}}